140*d - 3672. Calculate v(-65).
-97
Let g(m) = -712*m**2 - 26871*m + 7037. Determine g(-38).
7
Let q(m) = -3312*m + 165. What is q(0)?
165
Let z(w) = -4*w**3 - 902*w**2 - 4079*w - 22301. What is z(-221)?
20
Let r(o) = 20*o**2 - 223*o + 878. Calculate r(6).
260
Let s(z) = z**3 + 125*z**2 + 485*z - 17. Calculate s(-121).
-138
Let j(b) = -653*b**2 - 107*b + 102. Determine j(1).
-658
Let m(y) = -y**3 + 51*y**2 + 5715*y - 4716. Give m(105).
9
Let w(j) = -94*j**3 - 277*j**2 + 20*j + 38. What is w(-3)?
23
Let w(v) = 2*v**2 + 378*v + 3844. Determine w(-10).
264
Let n(j) = -3*j**3 + 187*j**2 + 11036*j + 385. What is n(-37)?
15
Let y(i) = -i**3 - 62*i**2 - 572*i - 1545. Give y(-52).
1159
Let i(q) = -37*q**3 - 41*q**2 - 971*q + 1011. Give i(1).
-38
Let k(s) = s**2 - 68*s - 7540. Calculate k(119).
-1471
Let z(j) = -3*j**2 - 1754*j - 32303. What is z(-19)?
-60
Let i(m) = -10*m**3 + m**2 - 82*m + 221. Give i(3).
-286
Let o(w) = -w**3 - 44*w**2 - 332*w - 577. Calculate o(-35).
18
Let d(q) = -3*q**3 + 459*q**2 - 22*q + 3336. Calculate d(153).
-30
Let u(a) = 2*a**3 - 187*a**2 + 2821*a - 79. Give u(17).
3661
Let j(w) = 40*w**2 + 3914*w + 3911. Calculate j(-1).
37
Let h(r) = -7625*r + 121650. Give h(16).
-350
Let b(w) = 936*w**2 + 4670*w + 46. Give b(-5).
96
Let m(y) = 3*y**3 + 91*y**2 - 6*y + 1748. What is m(-31)?
12
Let r(k) = k**3 + 57*k**2 + 4*k - 73. What is r(8)?
4119
Let n(w) = 928*w - 112999. Calculate n(123).
1145
Let d(a) = 35*a**2 - 4*a + 54. Give d(-4).
630
Let c(a) = 141*a**2 - 322*a + 145. Calculate c(2).
65
Let q(p) = 397*p + 61587. What is q(-155)?
52
Let j(w) = 275928*w + 42. Calculate j(0).
42
Let p(k) = 378*k**2 - 13248*k + 640. Determine p(35).
10
Let x(w) = 34*w - 9460. What is x(239)?
-1334
Let i(j) = 161*j**2 + 1750*j + 1591. Calculate i(-1).
2
Let v(i) = -698*i**2 + 49561*i + 9. Calculate v(71).
222
Let m(j) = -15*j**3 + 8774*j**2 + 594*j - 5264. Give m(585).
1
Let h(m) = 9384*m - 65686. What is h(7)?
2
Let w(k) = -2*k**2 - 487*k - 6565. Give w(-15).
290
Let c(o) = -o**2 + 83824*o + 6796284. Give c(-81).
-21
Let z(x) = -2*x**3 - 69*x**2 - 215*x - 3758. What is z(-33)?
70
Let m(x) = -4*x**3 - 751*x**2 + 135*x - 9929. Give m(-188).
35
Let q(f) = -2*f**2 + 434*f - 13405. Calculate q(180).
-85
Let t(d) = -110886*d - 1552431. Determine t(-14).
-27
Let j(o) = 124*o + 6258. Give j(-56).
-686
Let i(x) = 8*x + 910. What is i(6)?
958
Let j(k) = 29*k**2 + 108*k - 999. Determine j(4).
-103
Let r(s) = -1430143*s + 60066004. Give r(42).
-2
Let f(j) = -1667*j - 22. Determine f(1).
-1689
Let t(p) = 2*p**3 + 9*p**2 + 1305*p - 8591. Calculate t(6).
-5
Let m(y) = -2*y**2 - 274*y + 14142. Determine m(40).
-18
Let o(n) = 2670*n + 69403. Calculate o(-26).
-17
Let w(p) = p**3 - 155*p + 787. Determine w(9).
121
Let g(v) = -141*v - 18015. Calculate g(-127).
-108
Let o(t) = 47*t + 750. Calculate o(-18).
-96
Let j(g) = -g**3 - 344*g**2 - 20719*g + 7758. Give j(-266).
44
Let s(r) = -72*r**2 - 80708*r + 80710. Calculate s(1).
-70
Let y(w) = w**3 + 897*w**2 - 6290*w - 29. Give y(7).
237
Let y(k) = -8140*k**2 + 56983*k + 3. Give y(7).
24
Let f(p) = 23*p**2 - 18*p - 43. Determine f(-1).
-2
Let w(v) = 9*v**2 + 853*v + 13451. Calculate w(-20).
-9
Let t(j) = -72227*j - 288814. Determine t(-4).
94
Let f(w) = 3*w**2 - 175*w + 1821. Calculate f(45).
21
Let k(n) = -4*n**3 + 68*n**2 - 348*n + 5902. Determine k(17).
-14
Let z(f) = 21213*f + 1166726. Determine z(-55).
11
Let n(u) = u**3 + 51*u**2 + 253*u + 236. Calculate n(-46).
-822
Let h(g) = 2*g**2 + 790*g - 5627. Determine h(-402).
1
Let t(j) = -j**3 + 303*j**2 + 5125*j - 6753. What is t(319)?
-54
Let y(z) = 1332*z**2 + 396936*z + 2. Calculate y(-298).
2
Let q(g) = 16*g**2 - 25*g + 32. Determine q(1).
23
Let d(v) = 2*v**3 + 106*v**2 + 226*v + 29. Calculate d(-2).
-15
Let d(t) = 2*t**2 - 61*t - 3900. Determine d(63).
195
Let w(i) = 94*i**2 + 12*i - 1161. Calculate w(0).
-1161
Let o(j) = -4694*j - 83929. What is o(-18)?
563
Let d(p) = 71*p**2 + 103328*p + 206654. What is d(-2)?
282
Let y(p) = 2*p**2 + 133*p + 132. Determine y(-1).
1
Let n(o) = -333*o - 169173. Calculate n(-508).
-9
Let b(d) = 4*d**2 - 691*d + 2875. What is b(4)?
175
Let o(w) = w**3 + 33*w**2 - 392*w + 1621. What is o(-43)?
-13
Let z(w) = -15622*w + 46902. Calculate z(3).
36
Let c(g) = 5205*g**2 + 46900*g + 486. Calculate c(-9).
-9
Let r(i) = -85*i**2 + 165*i + 13. Give r(2).
3
Let r(l) = -8*l**2 - 1412*l + 2196. Calculate r(-178).
60
Let x(t) = -1849*t - 25795. Calculate x(-14).
91
Let l(w) = -w**2 - 15883*w + 1839749. What is l(115)?
-21
Let n(x) = -283*x**2 + 42737*x - 619. Determine n(151).
-15
Let w(q) = 501*q - 11896. Determine w(24).
128
Let t(a) = -a**3 + 292*a**2 - 309*a + 5078. Give t(291).
-160
Let o(s) = -s**3 + 34*s**2 + 53*s - 1844. What is o(34)?
-42
Let t(a) = 30*a**2 + 1264*a - 55618. Calculate t(-69).
-4
Let j(c) = -17*c**2 - 571*c - 172. What is j(-33)?
158
Let q(j) = -2*j**3 + 29*j**2 + 584*j - 127. Give q(-12).
497
Let z(t) = t**3 + 13*t**2 - 127*t - 1561. Calculate z(-14).
21
Let i(j) = 3*j**2 + 86*j + 253. Give i(-21).
-230
Let v(l) = -381*l + 652. Give v(4).
-872
Let w(a) = -758*a + 37131. Determine w(49).
-11
Let l(d) = 2*d**2 + 5992*d - 181570. Give l(30).
-10
Let d(s) = 3*s**2 + 105*s + 870. Calculate d(-11).
78
Let v(d) = d**2 - 154*d + 4457. What is v(98)?
-1031
Let j(t) = -2*t**2 - 25326*t + 888847. Give j(35).
-13
Let x(g) = g**3 - 42*g**2 - 227*g + 17603. Determine x(31).
-5
Let u(t) = -t**2 - 6*t + 3098. Calculate u(53).
-29
Let m(t) = 251*t - 86808. Give m(346).
38
Let n(u) = -89*u**2 + 529*u + 365. Determine n(11).
-4585
Let n(a) = 1696*a + 3504. Calculate n(-2).
112
Let d(o) = 85*o**2 - 1087*o - 228. Determine d(13).
6
Let b(n) = n**2 - 8400*n - 1091572. Determine b(-128).
12
Let t(b) = 13102*b + 64341. Give t(-5).
-1169
Let w(m) = 1708*m + 220639. Calculate w(-129).
307
Let w(g) = -3594*g + 46888. Determine w(13).
166
Let m(r) = -12*r**2 + 710*r + 320. Calculate m(60).
-280
Let w(z) = 6087*z - 322624. Give w(53).
-13
Let b(f) = f**2 - 916*f - 7399. Calculate b(-8).
-7
Let b(z) = z**2 - 1826*z + 39699. Give b(22).
11
Let a(k) = 7*k**2 - 11786*k - 38812. What is a(1687)?
-11
Let p(h) = h**3 - 14*h**2 - 6224*h + 56424. Determine p(9).
3
Let y(i) = 403*i**2 + 10475*i - 88. Determine y(-26).
-10
Let b(j) = 17*j**3 + 342*j**2 + 60*j + 429. Calculate b(-20).
29
Let u(i) = -72*i**2 - 1069*i + 95. What is u(-16)?
-1233
Let s(l) = l**2 - 145*l - 2984. Give s(158).
-930
Let l(g) = -g**3 + 150*g**2 + 746*g + 4517. Give l(155).
22
Let n(w) = -30*w**2 + 675*w + 1355. Determine n(-2).
-115
Let f(y) = 77954*y + 30947743. What is f(-397)?
5
Let n(y) = 2*y**3 + 811*y**2 - 2918*y - 22488. What is n(-409)?
7
Let l(z) = 8*z**2 + 2372*z + 145804. Calculate l(-87).
-8
Let s(c) = -4279*c + 154034. Calculate s(36).
-10
Let c(n) = -70914*n - 2340161. What is c(-33)?
1
Let a(j) = j**2 + 195437*j - 1563572. Calculate a(8).
-12
Let u(z) = -19*z**2 - 804*z + 567. Calculate u(-43).
8
Let n(y) = 4*y**3 - 28*y**2 - 446*y + 3125. What is n(7)?
3
Let p(s) = 9*s**2 + 791*s + 325. What is p(-88)?
413
Let g(y) = 11157*y + 1104538. What is g(-99)?
-5
Let h(a) = 539*a**2 - 6397*a - 855. Determine h(12).
-3
Let s(y) = -2*y**2 - 122051*y + 854453. What is s(7)?
-2
Let m(p) = -p**2 + 600*p - 44625. Determine m(87).
6
Let f(m) = -m**3 + 4*m**2 + 5800*m - 73877. Calculate f(13).
2
Let t(s) = 38228*s + 1070346. What is t(-28)?
-38
Let v(o) = -o**3 - 12*o**2 - 732*o - 3379. Give v(-5).
106
Let z(s) = -2*s**3 - 24*s**2 - 408*s - 720. What is z(-2)?
16
Let x(z) = 2*z**3 - 30*z**2 - 191*z - 14. Give x(-5).
-59
Let x(k) = 240*k - 12265. Determine x(51).
-25
Let h(l) = -l**3 - 30*l**2 - 196*l + 241. Calculate h(-12).
1
Let u(j) = 34151*j + 3380955. Determine u(-99).
6
Let d(k) = -k**3 + 286*k**2 - 19557*k + 11995. Give d(174).
-11
Let o(j) = 38*j**3 + 172*j**2 - 684*j - 182. What is o(-7)?
0
Let p(j) = -j**3 + 431*j**2 + 14838*j + 702. What is p(-32)?
-2
Let j(d) = d**2 - 5022*d - 222902. Calculate j(-44).
2
Let k(s) = -5*s**3 + 439*s**2 - 767*s - 595. Give k(86).
7
Let o(h) = h**3 - 1952*h**2 - 55437*h + 83. Calculate o(-28).
-1
Let o(z) = -z**3 + 47*z**2 + 1435*z + 190. What is o(-21)?
43
Let d(o) = 327*o**2 + 6538*o - 141. Calculate d(-20).
-101
Let j(b) = -4*b**2 - 40